*2. Calculate i(-12).
-3
Let j = 8 + -16. Suppose 3*s = 8*s + 50. Let o = j - s. Let g(n) = -3*n**3 + 4*n**2 - 4*n + 3. What is g(o)?
-13
Let o(t) = -116*t + 467. Let h be o(4). Let r(k) = -2*k - k + 2*k**2 - 2*k + 4. Determine r(h).
7
Let k(v) = 4*v**3 + 29*v**2 + 17*v - 11. Let f(x) = x**3 + 7*x**2 + 4*x - 3. Let d(n) = 9*f(n) - 2*k(n). Give d(-4).
3
Let m(d) be the first derivative of d**3/3 + 2*d**2 + 5*d + 319. Determine m(-5).
10
Let b(p) = -p**2 + 10. Let o be b(4). Let s(a) be the third derivative of -a**4/24 - a**3/2 + 8*a**2. Calculate s(o).
3
Let z(x) = x - 7. Let q(a) = 47*a**2 + a**3 + 11*a + 5 - a**3 - 37*a**2 - a**3. Let m = 35 - 24. Let c be q(m). Calculate z(c).
-2
Let h(w) = -5*w**2 - 9*w - 10. Let u(s) = -17*s**2 - 28*s - 32. Let q(b) = 7*h(b) - 2*u(b). What is q(-4)?
6
Let v(z) be the second derivative of z**5/20 - z**4/3 - 3*z**3/2 + 2*z**2 - 22*z. Give v(6).
22
Let j(s) = -26*s. Let a = 52 + -41. Suppose -3*f - a = -8. Determine j(f).
26
Let f(o) = o**3 + o**2 + 2*o - 2. Let l be f(1). Let w(b) = 8*b**3 + l*b**2 - 7*b + 2*b + 1 + 3*b. Determine w(1).
9
Let x be (-54)/(-7) + 4/14. Suppose -5*r - 28 = -5*b - 93, -x = 2*b. Let i(v) = -8 - 3 + 44*v - 35*v - 8*v. Determine i(r).
-2
Let w(k) = k**2 + 2*k + 6. Let h(l) = -l**3 - 24*l**2 - 40*l + 93. Let b be h(-22). Determine w(b).
41
Suppose 4*m - 2*m = -2*h, -h + 2*m + 6 = 0. Suppose 4 = h*p + 2*o, 3*p + p - 4*o = 40. Let y(w) = w - 13. Determine y(p).
-7
Suppose 7*g = 50 - 1. Let z(h) = -h + 8. Determine z(g).
1
Suppose 2*q = 14 - 0. Suppose -2*x = -q*x + 10. Let l(n) = -2*n**2 + n + 1. Calculate l(x).
-5
Let i(w) = w**3 + 4*w**2 - w - 4. Suppose -2*g + 0*k = 4*k + 26, g - 12 = 3*k. What is i(g)?
8
Let y(q) = 2*q - 8. Let t(k) = 56*k - 46. Let r be t(1). Determine y(r).
12
Let h(l) = -12*l. Let d = -1048 + 1047. Give h(d).
12
Let s(m) be the third derivative of -m**6/120 - m**5/20 - m**4/8 - m**3/2 + 2*m**2. Let r = 344 + -347. What is s(r)?
6
Let u = 1 + 0. Let t be ((-4)/3)/(u/3). Let b(s) = 5 - 10*s + 8*s - 9. Calculate b(t).
4
Let p(q) = q - 6 + 5*q - 2 + 7. Let g(z) = z**3 - 8*z**2 - 21*z + 11. Let o be g(10). Give p(o).
5
Let s(b) = 15157*b - 15154*b + 3 + 0. Determine s(-2).
-3
Suppose -z + 1 = -0*z. Let a be (-2 - z)*2/(-2). Let w(o) = -2*o**3 + 2*o**2 - 11*o - 3. Let c(l) = l**3 + 6*l + 2. Let f(g) = -3*c(g) - 2*w(g). What is f(a)?
3
Let t(p) be the third derivative of p**8/10080 - p**7/2520 - p**6/180 + 13*p**5/30 + 4*p**2. Let s(c) be the third derivative of t(c). What is s(3)?
8
Let a(f) = f**3 + 5*f**2 + 2*f. Let s = -137 + 155. Let y = s - 23. Determine a(y).
-10
Let s(c) be the first derivative of c**4/4 - 7*c**3/3 - 4*c**2 - 8*c + 1. Let m(q) = 5*q**3 - 27*q**2 - 32*q - 31. Let f(k) = -2*m(k) + 9*s(k). Calculate f(-8).
-10
Let r be (-13)/(-2 - (-1 - 0)). Let a = 8 - r. Let u(d) = -6*d**2 + 10*d**2 - 9*d**2 + 3 - d**3. Calculate u(a).
3
Let o be -2*3/2 + -10. Let x be o + (-3)/((-4)/4). Let c(b) = -b - 1. Calculate c(x).
9
Let j(i) = 2*i**2 + i + 1. Let f(p) = 4*p**2 - 20*p - 8. Let h(y) = -f(y) + j(y). Determine h(11).
-2
Let l(b) be the third derivative of -b**4/8 - 7*b**3/6 + 230*b**2. Calculate l(-9).
20
Let q(n) = 5*n - 3. Suppose 21*y = 23*y - 4. Let b be q(y). Let f(s) be the third derivative of s**4/12 - 3*s**3/2 - s**2. Give f(b).
5
Let m(c) = -2*c - 3. Let y = -1 - -6. Suppose g = 2 - y. What is m(g)?
3
Let y(d) = -2*d**2 + 1. Let k(o) = -o**2 + 18*o - 2. Let r be k(17). Let l be 4 - 8/(40/r). What is y(l)?
-1
Let r(z) = -5*z - 16*z - 4 + 15*z. Calculate r(-4).
20
Let x(p) be the first derivative of -1/4*p**4 + 7*p - 13 + 2*p**2 + 5/3*p**3. Determine x(6).
-5
Let v(y) = y**2 + 8*y - 1. Let k(x) = x**3 - 6*x**2 + 26. Let g be k(4). Calculate v(g).
-13
Let g(n) be the second derivative of -n**5/20 - n**4/12 + 11*n**2/2 + 3*n. Suppose 0 = -4*j + 2*j - 5*j. Give g(j).
11
Let q be (1 - 7 - -8)/(0 - -1). Let l(z) be the first derivative of -5*z**2/2 + 8. Give l(q).
-10
Let a(t) be the first derivative of 1/2*t**2 + 11*t + 18. Give a(0).
11
Let o(f) be the third derivative of 11*f**6/60 + f**4/12 - f**3/6 - 3*f**2 + 8. Give o(1).
23
Suppose 12 = -h - 2*h. Let k be (-57)/h - 3/12. Let w = k - 18. Let s(t) = -t**2 - 7*t - 3. What is s(w)?
9
Suppose 10 = -5*b + 3*b. Let a = b + 9. Let f(g) be the third derivative of -g**4/24 - 2*g**3/3 + 3*g**2. Give f(a).
-8
Let b(w) = -2*w - 5. Let z(d) = -d**3 - 13*d**2 - 43*d - 20. Let k be z(-8). Calculate b(k).
-13
Suppose -195*m = -216*m + 147. Let d(o) = 4*o**3 - 8*o**2 + 13*o - 9. Let h(l) = 3*l**3 - 8*l**2 + 12*l - 9. Let v(k) = -2*d(k) + 3*h(k). Calculate v(m).
12
Let i(s) be the third derivative of 1/6*s**4 + 4*s**2 + 7/60*s**5 - s**3 + 0*s + 1/120*s**6 + 0. What is i(-6)?
6
Suppose 29*h = 148 + 55. Let x(k) = -k**3 + 8*k**2 - 6*k - 2. Determine x(h).
5
Let i(v) = -2*v**2 - 2*v + 1 + 0*v**2 + v**2 - v**3. Let k be 25/(-10) + (-26)/(-52). What is i(k)?
9
Let a = -299 - -298. Let c(i) = 2*i - 2. Give c(a).
-4
Let x(c) = 6*c**2 - 17*c + 62. Let h(s) = -5*s**2 + 19*s - 61. Let l(i) = 5*h(i) + 4*x(i). Determine l(25).
-7
Let j(q) = 3 + 0*q + 3*q - 1 + 0*q. What is j(3)?
11
Let h(j) = j**2 + 5*j + 2. Suppose -8*w = -6*w - 6. Suppose -2*t = 3*v + 4, 2*v + 2*v - t = 13. Suppose 4*n + 2 = -w*o, -3*n + v*o - 8 = -n. Determine h(n).
-4
Suppose 3*z + 1 = n, 3*n + 2*z - 25 = -0*z. Let c(s) = -n + 9*s - 4*s + s**2 - 9 + 12. Calculate c(-7).
10
Let h = -1918 + 1928. Let t(a) = 2*a**2 - 14*a - 4. Calculate t(h).
56
Let w(k) be the third derivative of -1/120*k**6 + 1/12*k**4 + 0 - 1/15*k**5 + 2/3*k**3 + 0*k - 29*k**2. What is w(-4)?
-4
Suppose -3*g = -0*g + 3*j - 93, -5*g - 4*j = -155. Let q = 43 - g. Let n(d) = 2*d**2 - 3*d**2 - 5 + 0*d + q*d - 5*d. What is n(4)?
7
Let j(l) = -18*l - 2*l**2 - 515 + 8*l + 518. Let a be j(-5). Let w(v) = 4*v**2 + 0 + 2 - v**3 - 3*v + 0. Determine w(a).
2
Let i(f) = -6*f**2. Suppose -25*l = -24*l - 5*t - 12, -2*l + 2*t = -8. Give i(l).
-24
Let u(d) = 16*d + 2*d**2 - 11 + 2*d - 19*d. Calculate u(0).
-11
Let h(n) = -134 + 274 + n - 136. What is h(-11)?
-7
Let i = 70 + -68. Let z = -10 + 17. Suppose -6 = -2*t + 6*f - 3*f, 5*t = i*f - z. Let s(k) = -k**3 - 2*k**2 + 5*k + 3. What is s(t)?
-3
Let g = -15 - -14. Let l(w) = -w**3 - w**2 - 1. Let h(r) = 3*r**3 + 9*r**2 + 4*r + 11. Let o(i) = g*h(i) - 4*l(i). Let j = -8 - -14. What is o(j)?
5
Let z(q) be the second derivative of -q**5/20 + 5*q**4/4 + 8*q**3/3 + 13*q**2/2 - 39*q + 5. What is z(16)?
13
Let z = 8 + 6. Let v = z - 18. Let o(u) = -u**3 - 3*u**2 + 4*u + 1. Give o(v).
1
Let x(a) = 20*a**2 - 5*a**3 - 8*a - 15*a**2 - 2*a - 1. Let q(p) = -14*p**3 + 15*p**2 - 29*p - 2. Let n(y) = 6*q(y) - 17*x(y). Calculate n(-6).
-7
Let f(u) = u. Let k(h) = 5. Suppose -4*g + 0 + 4 = 0. Let i(t) = g*f(t) - k(t). Let x be i(5). Let a(c) = -c + 8. Give a(x).
8
Let l be 10/(-4)*(-64)/40. Let b = 2 + l. Let w(f) be the first derivative of -f**3/3 + 2*f**2 + f + 7. Give w(b).
-11
Let j(x) = 4*x + 1151*x**2 - 1150*x**2 - 11 - 3*x. Give j(-5).
9
Let x(c) = -5 - 1 - 8*c - 2 - c**2. Let o(z) = z - 28. Let y be o(33). Suppose -16*n + 18*n - 6 = 0, 20 = -5*a - y*n. Calculate x(a).
-1
Let a = -4 - -2. Let r(n) = -119*n**2 + 1 + 232*n**2 - 116*n**2. Give r(a).
-11
Let j(q) = -q**2 - 1. Let f(z) = z**2 - 1. Let h(m) = f(m) + 2*j(m). Suppose 19*k - 11*k = -15*k. Calculate h(k).
-3
Let h(w) = -w**2 - w + 12. Let r(t) = 13 + 11 + 25 + 7*t - 7. Let p be r(-6). What is h(p)?
12
Let i be (-6)/1*12/(-36). Suppose 2*m - 3*x + i*x - 7 = 0, 18 = 3*m - 4*x. Let w(v) = v - 3. Calculate w(m).
-1
Let v = 51 + -39. Let p(f) = 4*f - 3*f + 14 - 2*f. Calculate p(v).
2
Let y(p) = p**3 + 9*p**2 + p + 13. Let c be 44/(-6) - 6/((-54)/(-15)). What is y(c)?
4
Let p(h) = -h + 2. Let l be p(0). Suppose l*z - 6 = v, v + 4*z - 14 = z. Let b(g) = -2*g + g - 37 - v*g + 35. Give b(-4).
10
Let q(l) = 8*l + 30. Let x(c) = -3*c - 11. Let v(u) = -4*q(u) - 11*x(u). Determine v(-1).
0
Let l(b) = -b**2 + 7*b - 7. Let c = 569 + -562. Give l(c).
-7
Let h(r) be the first derivative of -7/2*r**2 + 6*r + 1/3*r**3 + 16. Calculate h(4).
-6
Let n(b) = b**3 + 13*b**2 + 14*b + 5. Let r be 10763/(-893) + (-3)/(-57). Calculate n(r).
-19
Let d = 2 + 3. Let r(k) be the second derivative of -k**4/12 + 7*k**3/6 - k**2 + 6*k + 8. Dete